{"id":114,"date":"2021-06-15T18:22:25","date_gmt":"2021-06-15T22:22:25","guid":{"rendered":"http:\/\/nowclean.cl\/?page_id=114"},"modified":"2021-06-17T17:10:03","modified_gmt":"2021-06-17T21:10:03","slug":"empresa","status":"publish","type":"page","link":"https:\/\/nowclean.cl\/?page_id=114","title":{"rendered":"Empresa"},"content":{"rendered":"<h3 style=\"text-align: left;\"><span style=\"color: #3366ff;\"><img decoding=\"async\" loading=\"lazy\" class=\"wp-image-164 alignright\" src=\"http:\/\/nowclean.cl\/wp-content\/uploads\/2021\/06\/limpieza-industrial.png\" alt=\"\" width=\"78\" height=\"51\" \/><img decoding=\"async\" loading=\"lazy\" class=\"wp-image-149 alignright\" style=\"color: #666666; font-size: 18px; font-weight: 300;\" src=\"http:\/\/nowclean.cl\/wp-content\/uploads\/2021\/06\/LogoBarrido-300x235.png\" alt=\"\" width=\"74\" height=\"58\" srcset=\"https:\/\/nowclean.cl\/wp-content\/uploads\/2021\/06\/LogoBarrido-300x235.png 300w, https:\/\/nowclean.cl\/wp-content\/uploads\/2021\/06\/LogoBarrido.png 580w\" sizes=\"(max-width: 74px) 100vw, 74px\" \/><strong style=\"font-family: inherit; font-size: 28.8px;\"><img decoding=\"async\" loading=\"lazy\" class=\"wp-image-162 alignnone alignright\" src=\"http:\/\/nowclean.cl\/wp-content\/uploads\/2021\/06\/mantencion-de-pisos.png\" alt=\"\" width=\"74\" height=\"49\" \/><img decoding=\"async\" loading=\"lazy\" class=\"wp-image-163 alignnone alignright\" src=\"http:\/\/nowclean.cl\/wp-content\/uploads\/2021\/06\/mantencion-de-espacios-300x182.png\" alt=\"\" width=\"87\" height=\"53\" srcset=\"https:\/\/nowclean.cl\/wp-content\/uploads\/2021\/06\/mantencion-de-espacios-300x182.png 300w, https:\/\/nowclean.cl\/wp-content\/uploads\/2021\/06\/mantencion-de-espacios.png 302w\" sizes=\"(max-width: 87px) 100vw, 87px\" \/><\/strong><\/span><\/h3>\n<p>&nbsp;<\/p>\n<h3 style=\"text-align: left;\"><span style=\"color: #3366ff;\"><strong>VISI\u00d3N<\/strong><\/span><\/h3>\n<blockquote>\n<h5 style=\"text-align: left;\">Otorgar servicios profesionales de limpieza a nuestros clientes, con calidad, responsabilidad y eficiencia.<\/h5>\n<\/blockquote>\n<h3 style=\"text-align: left;\"><span style=\"color: #3366ff;\"><strong>MISI\u00d3N<\/strong><\/span><\/h3>\n<blockquote>\n<h5 style=\"text-align: left;\">Lograr un servicio de alta calidad en limpieza, para lograr la satisfacci\u00f3n y requerimientos de nuestros clientes, siendo reconocidos como los mejores en el rubro.<\/h5>\n<\/blockquote>\n<h3 style=\"text-align: left;\"><span style=\"color: #3366ff;\"><strong>SERVICIOS<\/strong><\/span><\/h3>\n<blockquote>\n<h5 style=\"text-align: left;\">Contamos con maquinaria de aseo industrial para la realizaci\u00f3n de nuestros servicios tanto a<br \/>\nparticulares como a empresas.<\/h5>\n<\/blockquote>\n<h3 style=\"text-align: left;\"><span style=\"color: #3366ff;\"><strong>NUESTRO TRABAJO<\/strong><\/span><\/h3>\n<blockquote>\n<h5 style=\"text-align: left;\">Los invitamos a ver nuestra galer\u00eda de im\u00e1genes y videos donde podr\u00e1n ver nuestro trabajo.<\/h5>\n<h5 style=\"text-align: center;\"><strong><a href=\"http:\/\/nowclean.cl\/?page_id=2\">GALER\u00cdA<\/a><\/strong><\/h5>\n<\/blockquote>\n","protected":false},"excerpt":{"rendered":"<p>&nbsp; VISI\u00d3N Otorgar servicios profesionales de limpieza a nuestros clientes, con calidad, responsabilidad y eficiencia. MISI\u00d3N Lograr un servicio de alta calidad en limpieza, para lograr la satisfacci\u00f3n y requerimientos de nuestros clientes, siendo reconocidos como los mejores en el rubro. SERVICIOS Contamos con maquinaria de aseo industrial para la realizaci\u00f3n de nuestros servicios tanto&hellip; <br \/> <a class=\"button small blue\" href=\"https:\/\/nowclean.cl\/?page_id=114\">Read more<\/a><\/p>\n","protected":false},"author":1,"featured_media":0,"parent":0,"menu_order":0,"comment_status":"closed","ping_status":"closed","template":"","meta":{"_joinchat":[]},"yoast_head":"<!-- This site is optimized with the Yoast SEO plugin v20.0 - https:\/\/yoast.com\/wordpress\/plugins\/seo\/ -->\n<title>Empresa &ndash; NowClean<\/title>\n<meta name=\"robots\" content=\"index, follow, max-snippet:-1, max-image-preview:large, max-video-preview:-1\" \/>\n<link rel=\"canonical\" href=\"https:\/\/nowclean.cl\/?page_id=114\" \/>\n<meta property=\"og:locale\" content=\"es_ES\" \/>\n<meta property=\"og:type\" content=\"article\" \/>\n<meta property=\"og:title\" content=\"Empresa &ndash; NowClean\" \/>\n<meta property=\"og:description\" content=\"&nbsp; VISI\u00d3N Otorgar servicios profesionales de limpieza a nuestros clientes, con calidad, responsabilidad y eficiencia. MISI\u00d3N Lograr un servicio de alta calidad en limpieza, para lograr la satisfacci\u00f3n y requerimientos de nuestros clientes, siendo reconocidos como los mejores en el rubro. SERVICIOS Contamos con maquinaria de aseo industrial para la realizaci\u00f3n de nuestros servicios tanto&hellip; Read more\" \/>\n<meta property=\"og:url\" content=\"https:\/\/nowclean.cl\/?page_id=114\" \/>\n<meta property=\"og:site_name\" content=\"NowClean\" \/>\n<meta property=\"article:modified_time\" content=\"2021-06-17T21:10:03+00:00\" \/>\n<meta property=\"og:image\" content=\"http:\/\/nowclean.cl\/wp-content\/uploads\/2021\/06\/limpieza-industrial.png\" \/>\n<meta name=\"twitter:card\" content=\"summary_large_image\" \/>\n<script type=\"application\/ld+json\" class=\"yoast-schema-graph\">{\"@context\":\"https:\/\/schema.org\",\"@graph\":[{\"@type\":\"WebPage\",\"@id\":\"https:\/\/nowclean.cl\/?page_id=114\",\"url\":\"https:\/\/nowclean.cl\/?page_id=114\",\"name\":\"Empresa &ndash; NowClean\",\"isPartOf\":{\"@id\":\"https:\/\/nowclean.cl\/#website\"},\"datePublished\":\"2021-06-15T22:22:25+00:00\",\"dateModified\":\"2021-06-17T21:10:03+00:00\",\"breadcrumb\":{\"@id\":\"https:\/\/nowclean.cl\/?page_id=114#breadcrumb\"},\"inLanguage\":\"es-CL\",\"potentialAction\":[{\"@type\":\"ReadAction\",\"target\":[\"https:\/\/nowclean.cl\/?page_id=114\"]}]},{\"@type\":\"BreadcrumbList\",\"@id\":\"https:\/\/nowclean.cl\/?page_id=114#breadcrumb\",\"itemListElement\":[{\"@type\":\"ListItem\",\"position\":1,\"name\":\"Portada\",\"item\":\"https:\/\/nowclean.cl\/\"},{\"@type\":\"ListItem\",\"position\":2,\"name\":\"Empresa\"}]},{\"@type\":\"WebSite\",\"@id\":\"https:\/\/nowclean.cl\/#website\",\"url\":\"https:\/\/nowclean.cl\/\",\"name\":\"NowClean\",\"description\":\"Especialistas a tu servicio\",\"publisher\":{\"@id\":\"https:\/\/nowclean.cl\/#organization\"},\"potentialAction\":[{\"@type\":\"SearchAction\",\"target\":{\"@type\":\"EntryPoint\",\"urlTemplate\":\"https:\/\/nowclean.cl\/?s={search_term_string}\"},\"query-input\":\"required name=search_term_string\"}],\"inLanguage\":\"es-CL\"},{\"@type\":\"Organization\",\"@id\":\"https:\/\/nowclean.cl\/#organization\",\"name\":\"NowClean\",\"url\":\"https:\/\/nowclean.cl\/\",\"logo\":{\"@type\":\"ImageObject\",\"inLanguage\":\"es-CL\",\"@id\":\"https:\/\/nowclean.cl\/#\/schema\/logo\/image\/\",\"url\":\"https:\/\/nowclean.cl\/wp-content\/uploads\/2023\/01\/cropped-new_nowclean.png\",\"contentUrl\":\"https:\/\/nowclean.cl\/wp-content\/uploads\/2023\/01\/cropped-new_nowclean.png\",\"width\":631,\"height\":436,\"caption\":\"NowClean\"},\"image\":{\"@id\":\"https:\/\/nowclean.cl\/#\/schema\/logo\/image\/\"}}]}<\/script>\n<!-- \/ Yoast SEO plugin. -->","yoast_head_json":{"title":"Empresa &ndash; NowClean","robots":{"index":"index","follow":"follow","max-snippet":"max-snippet:-1","max-image-preview":"max-image-preview:large","max-video-preview":"max-video-preview:-1"},"canonical":"https:\/\/nowclean.cl\/?page_id=114","og_locale":"es_ES","og_type":"article","og_title":"Empresa &ndash; NowClean","og_description":"&nbsp; VISI\u00d3N Otorgar servicios profesionales de limpieza a nuestros clientes, con calidad, responsabilidad y eficiencia. MISI\u00d3N Lograr un servicio de alta calidad en limpieza, para lograr la satisfacci\u00f3n y requerimientos de nuestros clientes, siendo reconocidos como los mejores en el rubro. SERVICIOS Contamos con maquinaria de aseo industrial para la realizaci\u00f3n de nuestros servicios tanto&hellip; Read more","og_url":"https:\/\/nowclean.cl\/?page_id=114","og_site_name":"NowClean","article_modified_time":"2021-06-17T21:10:03+00:00","og_image":[{"url":"http:\/\/nowclean.cl\/wp-content\/uploads\/2021\/06\/limpieza-industrial.png"}],"twitter_card":"summary_large_image","schema":{"@context":"https:\/\/schema.org","@graph":[{"@type":"WebPage","@id":"https:\/\/nowclean.cl\/?page_id=114","url":"https:\/\/nowclean.cl\/?page_id=114","name":"Empresa &ndash; NowClean","isPartOf":{"@id":"https:\/\/nowclean.cl\/#website"},"datePublished":"2021-06-15T22:22:25+00:00","dateModified":"2021-06-17T21:10:03+00:00","breadcrumb":{"@id":"https:\/\/nowclean.cl\/?page_id=114#breadcrumb"},"inLanguage":"es-CL","potentialAction":[{"@type":"ReadAction","target":["https:\/\/nowclean.cl\/?page_id=114"]}]},{"@type":"BreadcrumbList","@id":"https:\/\/nowclean.cl\/?page_id=114#breadcrumb","itemListElement":[{"@type":"ListItem","position":1,"name":"Portada","item":"https:\/\/nowclean.cl\/"},{"@type":"ListItem","position":2,"name":"Empresa"}]},{"@type":"WebSite","@id":"https:\/\/nowclean.cl\/#website","url":"https:\/\/nowclean.cl\/","name":"NowClean","description":"Especialistas a tu servicio","publisher":{"@id":"https:\/\/nowclean.cl\/#organization"},"potentialAction":[{"@type":"SearchAction","target":{"@type":"EntryPoint","urlTemplate":"https:\/\/nowclean.cl\/?s={search_term_string}"},"query-input":"required name=search_term_string"}],"inLanguage":"es-CL"},{"@type":"Organization","@id":"https:\/\/nowclean.cl\/#organization","name":"NowClean","url":"https:\/\/nowclean.cl\/","logo":{"@type":"ImageObject","inLanguage":"es-CL","@id":"https:\/\/nowclean.cl\/#\/schema\/logo\/image\/","url":"https:\/\/nowclean.cl\/wp-content\/uploads\/2023\/01\/cropped-new_nowclean.png","contentUrl":"https:\/\/nowclean.cl\/wp-content\/uploads\/2023\/01\/cropped-new_nowclean.png","width":631,"height":436,"caption":"NowClean"},"image":{"@id":"https:\/\/nowclean.cl\/#\/schema\/logo\/image\/"}}]}},"_links":{"self":[{"href":"https:\/\/nowclean.cl\/index.php?rest_route=\/wp\/v2\/pages\/114"}],"collection":[{"href":"https:\/\/nowclean.cl\/index.php?rest_route=\/wp\/v2\/pages"}],"about":[{"href":"https:\/\/nowclean.cl\/index.php?rest_route=\/wp\/v2\/types\/page"}],"author":[{"embeddable":true,"href":"https:\/\/nowclean.cl\/index.php?rest_route=\/wp\/v2\/users\/1"}],"replies":[{"embeddable":true,"href":"https:\/\/nowclean.cl\/index.php?rest_route=%2Fwp%2Fv2%2Fcomments&post=114"}],"version-history":[{"count":25,"href":"https:\/\/nowclean.cl\/index.php?rest_route=\/wp\/v2\/pages\/114\/revisions"}],"predecessor-version":[{"id":121,"href":"https:\/\/nowclean.cl\/index.php?rest_route=\/wp\/v2\/pages\/114\/revisions\/121"}],"wp:attachment":[{"href":"https:\/\/nowclean.cl\/index.php?rest_route=%2Fwp%2Fv2%2Fmedia&parent=114"}],"curies":[{"name":"wp","href":"https:\/\/api.w.org\/{rel}","templated":true}]}}